ime factors of 2586841.
2586841
List the prime factors of 17374782.
2, 3, 17, 170341
What are the prime factors of 37098360?
2, 3, 5, 13, 7927
List the prime factors of 188421.
3, 181, 347
What are the prime factors of 2595788?
2, 13, 49919
List the prime factors of 25765923.
3, 199, 43159
List the prime factors of 20933570.
2, 5, 7, 97, 3083
What are the prime factors of 17736?
2, 3, 739
List the prime factors of 21774399.
3, 17, 19, 23, 977
List the prime factors of 3927718.
2, 19, 41, 2521
What are the prime factors of 2939585?
5, 11, 19, 29, 97
List the prime factors of 828469.
47, 17627
What are the prime factors of 4860434?
2, 2430217
List the prime factors of 134029.
7, 41, 467
List the prime factors of 350037.
3, 19, 23, 89
What are the prime factors of 13299927?
3, 4433309
List the prime factors of 29827043.
29827043
List the prime factors of 849749.
53, 16033
What are the prime factors of 2439097?
2439097
What are the prime factors of 459484?
2, 313, 367
What are the prime factors of 512448?
2, 3, 17, 157
List the prime factors of 73183.
11, 6653
What are the prime factors of 19731485?
5, 3946297
What are the prime factors of 25825493?
25825493
List the prime factors of 788706.
2, 3, 43, 1019
What are the prime factors of 503533?
31, 37, 439
What are the prime factors of 421802?
2, 210901
List the prime factors of 2295315.
3, 5, 11, 4637
List the prime factors of 2132080.
2, 5, 29, 919
What are the prime factors of 186180?
2, 3, 5, 29, 107
What are the prime factors of 9667167?
3, 3222389
What are the prime factors of 551439?
3, 7, 8753
List the prime factors of 3334020.
2, 3, 5, 181, 307
What are the prime factors of 1326705?
3, 5, 241, 367
List the prime factors of 452646.
2, 3, 25147
What are the prime factors of 10989787?
10989787
What are the prime factors of 116099?
116099
What are the prime factors of 30484?
2, 7621
List the prime factors of 9971737.
29, 71, 167
List the prime factors of 121950.
2, 3, 5, 271
What are the prime factors of 37509802?
2, 11, 1704991
List the prime factors of 544794.
2, 3, 29, 31, 101
What are the prime factors of 167104?
2, 7, 373
What are the prime factors of 14085334?
2, 641, 10987
List the prime factors of 94235.
5, 47, 401
List the prime factors of 62147.
29, 2143
List the prime factors of 839007.
3, 13, 71, 101
List the prime factors of 18408489.
3, 11, 607, 919
List the prime factors of 509562.
2, 3, 28309
List the prime factors of 4149514.
2, 997, 2081
List the prime factors of 3324374.
2, 23, 72269
What are the prime factors of 76975?
5, 3079
What are the prime factors of 1044987?
3, 131, 2659
List the prime factors of 55127.
55127
What are the prime factors of 2946614?
2, 11, 151, 887
List the prime factors of 1726393.
101, 17093
What are the prime factors of 863121?
3, 7, 23, 1787
What are the prime factors of 846236?
2, 211559
What are the prime factors of 8272235?
5, 47, 35201
What are the prime factors of 448898?
2, 224449
What are the prime factors of 110587?
110587
What are the prime factors of 32715?
3, 5, 727
What are the prime factors of 1999450?
2, 5, 39989
What are the prime factors of 6684203?
6684203
List the prime factors of 4216933.
7, 487, 1237
List the prime factors of 3609195.
3, 5, 29, 8297
List the prime factors of 2001581.
2001581
What are the prime factors of 400269?
3, 23, 5801
What are the prime factors of 3138297?
3, 127, 8237
List the prime factors of 327539.
17, 19267
List the prime factors of 1717828.
2, 7, 19, 3229
What are the prime factors of 203621?
11, 107, 173
List the prime factors of 1831942.
2, 7, 19, 71, 97
List the prime factors of 208972.
2, 89, 587
List the prime factors of 39214.
2, 7, 2801
What are the prime factors of 1031068?
2, 41, 6287
List the prime factors of 6734596.
2, 11, 153059
List the prime factors of 14018.
2, 43, 163
What are the prime factors of 5891647?
631, 9337
What are the prime factors of 1746643?
23, 75941
What are the prime factors of 19351045?
5, 7, 552887
What are the prime factors of 28052377?
28052377
What are the prime factors of 120816?
2, 3, 839
List the prime factors of 2164895.
5, 432979
List the prime factors of 296540.
2, 5, 14827
What are the prime factors of 2106940?
2, 5, 11, 61, 157
What are the prime factors of 11915790?
2, 3, 5, 73, 5441
List the prime factors of 3029154.
2, 3, 401, 1259
List the prime factors of 1089380.
2, 5, 54469
What are the prime factors of 108028?
2, 113, 239
List the prime factors of 1169268.
2, 3, 139, 701
List the prime factors of 133877.
133877
List the prime factors of 6176576.
2, 7, 17, 811
What are the prime factors of 5624087?
7, 803441
List the prime factors of 31101230.
2, 5, 181, 17183
What are the prime factors of 198390?
2, 3, 5, 17, 389
List the prime factors of 11316367.
67, 168901
List the prime factors of 11936794.
2, 179, 33343
List the prime factors of 8589418.
2, 31, 41, 109
What are the prime factors of 15174081?
3, 13, 17, 2543
List the prime factors of 894121.
19, 47059
What are the prime factors of 7818381?
3, 563, 1543
What are the prime factors of 318478?
2, 17, 19, 29
What are the prime factors of 140732?
2, 151, 233
What are the prime factors of 22381884?
2, 3, 7, 88817
What are the prime factors of 752360?
2, 5, 7, 2687
What are the prime factors of 235971?
3, 157, 167
What are the prime factors of 19504297?
19504297
What are the prime factors of 439291?
271, 1621
List the prime factors of 163130.
2, 5, 11, 1483
List the prime factors of 1458345.
3, 5, 7, 17, 19, 43
List the prime factors of 1851519.
3, 41, 15053
List the prime factors of 2850254.
2, 11, 17, 7621
List the prime factors of 33976431.
3, 757, 4987
What are the prime factors of 215869?
53, 4073
List the prime factors of 27359826.
2, 3, 13, 350767
List the prime factors of 1384831.
7, 181, 1093
List the prime factors of 40850.
2, 5, 19, 43
What are the prime factors of 130234?
2, 13, 5009
What are the prime factors of 1278735?
3, 5, 163, 523
What are the prime factors of 31385308?
2, 29, 270563
List the prime factors of 124468.
2, 29, 37
What are the prime factors of 12540524?
2, 67, 73, 641
List the prime factors of 387710.
2, 5, 137, 283
List the prime factors of 564242.
2, 7, 41, 983
List the prime factors of 92137.
199, 463
List the prime factors of 6749218.
2, 7, 19, 25373
What are the prime factors of 292208?
2, 7, 2609
What are the prime factors of 26721914?
2, 41, 325877
List the prime factors of 12338198.
2, 59, 104561
What are the prime factors of 3336988?
2, 229, 3643
What are the prime factors of 848348?
2, 89, 2383
What are the prime factors of 314679?
3, 29, 3617
List the prime factors of 1614909.
3, 538303
List the prime factors of 1919975.
5, 61, 1259
List the prime factors of 1244336.
2, 83, 937
List the prime factors of 651714.
2, 3, 7, 59, 263
What are the prime factors of 747989?
11, 53, 1283
List the prime factors of 22993771.
22993771
List the prime factors of 82232.
2, 19, 541
List the prime factors of 6603555.
3, 5, 7, 61, 1031
What are the prime factors of 538498?
2, 19, 37, 383
What are the prime factors of 1931093?
1931093
List the prime factors of 3230797.
3230797
List the prime factors of 1680437.
11, 152767
What are the prime factors of 2857160?
2, 5, 71429
What are the prime factors of 949865?
5, 7, 3877
What are the prime factors of 788362?
2, 43, 89, 103
What are the prime factors of 14797819?
31, 557, 857
What are the prime factors of 7439?
43, 173
What are the prime factors of 15688049?
13, 1206773
What are the prime factors of 27845859?
3, 9281953
What are the prime factors of 11586618?
2, 3, 19, 23, 491
What are the prime factors of 5360743?
443, 12101
List the prime factors of 238892.
2, 59723
What are the prime factors of 15656207?
7, 83, 26947
List the prime factors of 8125912.
2, 1015739
List the prime factors of 6123469.
11, 556679
What are the prime factors of 226558?
2, 113279
List the prime factors of 5198665.
5, 1039733
What are the prime factors of 414972?
2, 3, 11527
What are the prime factors of 8321628?
2, 3, 7, 157, 631
What are the prime factors of 31447764?
2, 3, 31, 101
What are the prime factors of 6986744?
2, 873343
List the prime factors of 16096421.
11, 29, 50459
List the prime factors of 3285257.
89, 36913
What are the prime factor